3*c**3 + 18*c**2 + 7*c - 10. Calculate the remainder when i(3) is divided by 255.
29
Let b(h) = -h**2 + 8*h + 30. Let l(i) = i**2 + 10*i - 15. Let m be l(-12). What is the remainder when 55 is divided by b(m)?
13
Let c be -1 - ((-2)/1)/((-4)/2). Let s be (0 - 0)/(-1*c/(-1)). What is the remainder when 13 is divided by 5 - (-3 - s/((-6)/2))?
5
What is the remainder when (-1 + 6)/(71/51972) is divided by 131?
123
Let u = -28791 - -29540. Calculate the remainder when 2286 is divided by u.
39
Let f(p) = 48*p + 252. Calculate the remainder when 402 is divided by f(-5).
6
Suppose -13833 = 49*w - 23872 - 21762. What is the remainder when w is divided by 92?
5
Let v = 56 + -57. Let f be v*-6*4*(-3)/(-36). Suppose -y - j + 111 = 0, 3*y - j - 327 = -f*j. What is the remainder when y is divided by 37?
34
Let m = -13535 - -20479. Calculate the remainder when m is divided by 23.
21
Calculate the remainder when 429 is divided by ((-1)/3)/((-6)/396*(-9)/(-9)).
11
Let g = -30821 - -30836. What is the remainder when 2170 is divided by g?
10
Let r = 69 - -165. Suppose r = 11*j + 25. What is the remainder when 282 is divided by j?
16
Let o(h) = 167*h - 1015. Calculate the remainder when o(8) is divided by 18.
15
Suppose s - 88038 = -106*s - 295*s. What is the remainder when s is divided by 97?
25
Let d be -25 - ((-4)/1)/4. Let j = 32 + d. Calculate the remainder when -2*2/4*(-1112)/j is divided by 36.
31
Suppose 5*s = -2*y + 20, 5*s = -0*y + 3*y - 5. Let a be 0/(0 + (-5 + 3 - -1)). Calculate the remainder when (0 - a) + (-256)/(-8) is divided by y.
2
Suppose -5*s - 33 = -b, 0 = 27*s - 30*s - 12. What is the remainder when 14 is divided by b?
1
What is the remainder when 333 is divided by (160/(-36))/20 + 443/9?
39
Let p be 0 + 3 + -21 + 17. Let l = 61 + -38. Calculate the remainder when l is divided by (-1*(17 + -3))/(-1 + p).
2
Let d be ((-12)/(-10))/(4/10). Suppose 123 = -0*c + d*c. Calculate the remainder when c is divided by ((-264)/(-220))/((-228)/(-4370)).
18
Let j(m) be the first derivative of 11*m + 1/2*m**2 + 11. Calculate the remainder when 4 is divided by j(-8).
1
Let y = -1229246 - -1229333. Suppose 5*h - 22 = 148. Calculate the remainder when y is divided by h.
19
Let i(v) = -v**3 + 5*v**2 + 8*v - 9. Let x be i(6). Calculate the remainder when 9 - (-63 - (-1242)/(-46)) is divided by 62/x + 4/(-6).
19
Calculate the remainder when 4/14 + (-365125)/(-889) is divided by 25.
11
Let b be (-427)/21*33 - 5. Let k = b - -873. What is the remainder when k is divided by (-101)/(-2) - (-3)/(-6)?
47
Suppose h = -4*m + 3*h + 16, m + 2*h + 1 = 0. Suppose 13 = m*w + 61. Calculate the remainder when 20 is divided by -1*(0 - 6) + 48/w.
2
What is the remainder when -2 - (-1 + (-1 - 253)) is divided by (6396/26)/41 - -37?
38
Suppose 12*f - 19*f = -609. Suppose -1330 = f*b - 97*b. Calculate the remainder when b is divided by 39.
16
Let p(q) = 3*q + 60. Let r be p(-20). Suppose 6*h - 448 - 176 = r. What is the remainder when h is divided by 53?
51
Suppose 0 = -0*m + 5*m. Suppose 3*f - 4*f + 32 = m. Suppose 6*n - 11*n = -60. Calculate the remainder when f is divided by n.
8
Let j(v) = -80*v - 25. What is the remainder when 94 is divided by j(-1)?
39
Suppose -k + 19*k - 1116 = 0. Let h(i) = i**3 - 12*i**2 + 2*i + 14. Calculate the remainder when k is divided by h(12).
24
Let a = 2716 + -2328. Calculate the remainder when a is divided by 191.
6
Let v = 10866 + -10698. Calculate the remainder when 333 is divided by v.
165
Suppose -y - 2*z + 69 + 705 = 0, -5*y + 2*z + 3894 = 0. What is the remainder when y is divided by 36?
22
Suppose 176442 = 78*l + 61080. Calculate the remainder when l is divided by 29.
0
Suppose 89*s - 60*s - 29319 = 0. Calculate the remainder when s is divided by 46.
45
Let f(q) = -7*q**2 - 33*q + 3. Let v = -411 - -408. Calculate the remainder when 115 is divided by f(v).
37
Suppose 5*d - 11343 = n, 3*d + 9060 = 7*d + 4*n. What is the remainder when d is divided by 18?
0
Let s = -254 + 606. Suppose 5*n - s = -2*o, -o + 0*n + n = -162. What is the remainder when o is divided by 14?
12
Let m(s) = -7*s**2 + 7*s - 6. Let y be m(1). Let l(a) = -11*a - 8. Calculate the remainder when l(y) is divided by 10.
8
Let l(g) = g**2 - 10*g + 4. Let w be l(16). Let a(i) = i**3 - i. Let d be a(2). Suppose -d*o + 4*o = -w. What is the remainder when 198 is divided by o?
48
Let w be ((-122)/(-2))/(2 - (-30)/(-18)). Suppose -1491 = -6*b - w. Calculate the remainder when b is divided by 55.
53
Suppose -m + 25108 = 5*m - 2*m. What is the remainder when m is divided by 40?
37
Suppose 0*t = -32*t + 128. Suppose t*n - 101 - 575 = 0. What is the remainder when n is divided by 17?
16
Let s = 3513 - 2481. Suppose -11*g = 32*g - s. What is the remainder when 71 is divided by g?
23
Suppose 12*j = 5*j + 315. Suppose -24 = 42*l - j*l. Suppose 9*m - l*m - 112 = 0. Calculate the remainder when m is divided by 38.
36
Let h = -8763 - -8847. Calculate the remainder when 465 is divided by h.
45
Suppose 5*c = 16*g - 12*g + 4397, -5*c = -5*g - 4400. What is the remainder when c is divided by 80?
77
Let z be (0/(-2) + -2)/((-25)/50). Suppose 2*x = -2*q + 74, -78 = -2*x + z*q - 7*q. Calculate the remainder when 92 is divided by x.
26
Let v = -66 + 70. Suppose 2*z + x = 5, -v*z + 9 = 4*x - x. Calculate the remainder when -1 + 6/18 + 140/z is divided by 12.
10
Let v(s) = 7*s**2 + 58*s - 247. What is the remainder when v(4) is divided by 51?
46
Calculate the remainder when ((-18)/15)/((-2)/(-2) - 1476/1435) is divided by 1/4 - 536/(-32).
8
Let a(o) = -20*o - 11. Let s(v) = -13*v - 7. Suppose 4*i = 5*i - 8. Let u(q) = i*s(q) - 5*a(q). Calculate the remainder when 16 is divided by u(-3).
5
Let t(g) = -48*g - 18. Let v(i) = i**3 - 2*i**2 - i - 36. Calculate the remainder when t(-6) is divided by v(5).
32
Let n = -6908 - -7021. What is the remainder when 587 is divided by n?
22
Suppose 30*h + 54*h = 4*h + 1200. Calculate the remainder when 583 is divided by h.
13
Let v = 14705 + -14667. What is the remainder when 298 is divided by v?
32
Let j = 382 - 369. Let b(p) = p**3 - 13*p**2 + 6*p - 65. What is the remainder when 35 is divided by b(j)?
9
Suppose 5*d - l + 41 = 0, 5*l + 19 = -3*d - 0*l. Let u(s) = -14*s - 19. Let z be u(d). Let g = -31 + z. What is the remainder when g is divided by 7?
6
Suppose 0 = -g - g + 4*k + 30, 3*k - 27 = -3*g. Let v be -1 - 2*(-355)/(-10). Let t = v + 78. Calculate the remainder when g is divided by t.
5
Let k(c) = -4*c**3 - 4*c**2 - 5*c. Let w(t) = -5*t**3 - 3*t**2 - 4*t. Let z(x) = -4*k(x) + 5*w(x). Calculate the remainder when 116 is divided by z(-1).
6
Let n = -63 - -538. Suppose -71 = -7*r + n. What is the remainder when r is divided by 12?
6
Let r(g) be the first derivative of g**4/4 - 8*g**3/3 - 25*g**2/2 + 15*g + 13. Let o be r(10). What is the remainder when (-2268)/o - (-1)/5 is divided by 23?
19
Calculate the remainder when (2 - 6896/6)/((-47)/(2961/42)) is divided by 11.
5
Calculate the remainder when 1361 - (-22 - (-391)/17)/((-2)/(-14)) is divided by 93.
52
Suppose 109 + 2003 + 492 = 14*b. What is the remainder when 2579 is divided by b?
161
Suppose 7*x = 15*x - 488. Let r(a) = -a - 15. Let m be r(8). Let q = m + 31. What is the remainder when x is divided by q?
5
Suppose 13703 - 5994 = 47*w - 6767. Calculate the remainder when w is divided by 215.
93
Let m be ((-38)/(-114))/(1/72). Suppose m*w - 20*w = q - 73, -4*q = w - 207. Calculate the remainder when 56 is divided by q.
3
Let k(q) = 27*q - 4. Let h(u) = -5*u**2 + 29*u + 7. Let b be h(6). What is the remainder when 44 is divided by k(b)?
21
Let z(o) be the third derivative of o**5/20 + 11*o**4/6 + 10*o**3/3 + 22*o**2. What is the remainder when z(-18) is divided by 41?
36
What is the remainder when 45/120 + ((-3901)/(-8) - 1 - 1) is divided by 475?
11
Let n = -2952 + 3021. Let l(r) = -r**3 - 19*r**2 - 14*r - 39. Calculate the remainder when l(-19) is divided by n.
20
Suppose 0 = -3*k + n - 274, 4*n = -2*k - 0*n - 206. Let r = -139 - k. Let o = 155 + r. What is the remainder when o is divided by 30?
19
Suppose 8*u = -u + 36. Let n(c) = 3*c + 6*c - 5*c - u - c**2 + 3*c. What is the remainder when 15 is divided by n(5)?
3
Let w = -2992 + 4773. What is the remainder when w is divided by 22?
21
Let g(f) =